5*n**2 - 4*n - 10. Let l(u) = -11*s(u) + 3*w(u). Give l(-3).
-13
Suppose 2259*y - 2256*y + 11 = -16. Let t(o) = -o**3 - 9*o**2 - o - 20. What is t(y)?
-11
Let u(h) be the second derivative of h**4/12 - 7*h**3/6 - 3*h**2/2 + 3*h - 34. Suppose 3*x - 2*k + 0*k = 15, -5*k + 22 = x. Calculate u(x).
-3
Let i(p) = -11996*p**2 + 0 - 15 + 11995*p**2. Determine i(0).
-15
Let p(m) = m**3 + m**2 + 7*m + 12. Let i(z) = 49*z + 2104. Let x be i(-43). Calculate p(x).
-27
Suppose 0*h + 33*h = -2 + 68. Let k(o) be the third derivative of 1/6*o**3 - 1/6*o**4 + 0*o - 1/15*o**5 + 1/120*o**6 + 25*o**h + 0. Calculate k(5).
6
Let t(q) be the third derivative of q**6/120 - q**5/30 - 47*q**4/24 - q**3/6 + 5*q**2 + 3*q. Give t(-6).
-7
Let t(f) be the second derivative of -f**5/20 + f**4/6 + f**3/6 + 17*f**2/2 + 2712*f. What is t(0)?
17
Let g(m) = -m**3 - 5*m**2 - 3*m - 2. Suppose 2*w + 15 = 3*f + 48, 5*w + f = 40. Suppose w - 64 = 5*s. Let t = s + 8. What is g(t)?
-11
Let t(f) = -6*f**3 - 1. Suppose -o + w - 4 = -3*w, o - 3*w = -3. Suppose -4*s + s = o. Suppose 4*q = -s*a - 2*a + 14, -20 = 5*q - 5*a. What is t(q)?
-7
Let x(a) = 1 + 2*a**2 - a**2 + a - 3*a**3 + 2*a**3. Suppose -4*k - 17*c = -21*c + 4488, -3*k - c = 3366. Let y = -1123 - k. What is x(y)?
2
Let l(u) = u**2 - 13*u - 13. Let t = -154 - 105. Let s = t - -273. Determine l(s).
1
Suppose -5*f + n + 40 = 0, 0*f = 5*f + n - 40. Let t(l) = l**2 - 6. Give t(f).
58
Let w(f) = -639*f - 15. Let q be w(0). Let a(x) = 2*x**2 + 29*x + 4. Calculate a(q).
19
Let m(f) be the third derivative of f**5/60 + 5*f**4/8 + 17*f**3/6 - 143*f**2 - 2. Determine m(-11).
-27
Let g(d) = 4*d. Let c(i) = -5*i + 7 + i - i - 4 + 1. Let k(h) = 3*c(h) + 4*g(h). Suppose -17 = 4*n - 4*l + l, -2*l = 2*n + 12. What is k(n)?
7
Let s(u) = -1906*u - 5*u**2 + 3827*u - 1908*u - 1. What is s(4)?
-29
Let h(j) be the first derivative of -j**2/2 - j + 8. Suppose 5*f + 221 = -5*c + 3*c, 0 = 5*f + 5. Let n = c + 103. Give h(n).
4
Let g(x) = x**2 - 13. Let a(h) be the first derivative of h**3 + 135*h**2/2 + 4*h + 238. Let c be a(-45). Give g(c).
3
Let v(b) = -28*b - 1. Let t be ((-144)/(-3))/((-87)/(-18) - 5). Let a be 352/t + (-4)/(-18). Determine v(a).
27
Let o(f) be the second derivative of -f**5/20 + 2*f**4/3 + 3*f**3/2 + 2*f**2 + 4059*f. What is o(9)?
4
Suppose 5*j + 29 = -3*b, 11*j - 14*j + 4*b = 0. Let r(l) = -3*l - 1. Let z(q) = 4*q + 1. Let s(f) = -5*r(f) - 4*z(f). Determine s(j).
5
Let j(m) = -4*m - 7*m - 8*m**2 - m**3 - 6 + 2*m. Suppose -5*t + 3*c + 22 = 0, 5*c + 21 = 2*t - 3. Let p be ((-16)/(-16))/(39/21 - t). Calculate j(p).
8
Let x(z) = 14*z**2 + 10*z + 10. Let k = -4304 + 4303. What is x(k)?
14
Let t(w) be the first derivative of 23*w - w**2 - 7/3*w**3 + 1/4*w**4 - 15. Let h be t(7). Let g(a) = a**3 - 9*a**2 - a - 5. What is g(h)?
-14
Let z(y) be the third derivative of -y**5/20 + 11*y**4/12 - y**3/6 - 4*y**2 + 113. Calculate z(7).
6
Let a(g) be the third derivative of -g**5/60 + 3*g**4/8 - g**3/6 + 17*g**2 - 10*g - 7. Suppose 3 = 2*l - 11. Determine a(l).
13
Let v(d) = -19*d - 32. Suppose 2*u = r - 8, -4*r - 14*u + 16*u + 2 = 0. Give v(r).
6
Let r(q) = -45*q - 9. Let c(l) = 23*l + 4. Let m(w) = -9*c(w) - 4*r(w). Let z = 12376 - 12377. Determine m(z).
27
Let z(b) = b - 12. Let d(c) = -2*c - 214. Let t(a) = -d(a) + 8*z(a). Give t(-12).
-2
Let s(k) = -k**3 + 29*k**2 - 27*k - 25. Let u be s(28). Let z(o) = -3*o - 7*o**2 + 536*o**u + 8*o - 3 - 535*o**3. What is z(6)?
-9
Suppose 2*x = -3*r, 0 = 5*x - 4*r + 17 - 63. Let w be (-3)/1*(-2)/x*-4. Let g(v) = -v**2 - 3*v - 1. Give g(w).
-5
Suppose -2*g - 4*y + 16 = 0, 34*y - 37*y = 4*g - 7. Let f(m) = -3*m**3 + m**2 - 3*m - 2. Calculate f(g).
32
Let p be 2/(-6) - (30/(-9) - -1). Suppose -4*c + 6 = -i - 9, -3*c + 3 = p*i. Let x(t) = -t**2 + t - 3. What is x(c)?
-9
Let h(r) = -r**2 + 2*r + 1. Let f be 65/6 + (-12)/(-72). Suppose -f*s + 10 = -s. Let m(o) = 10*o - 8. Let p be m(s). Determine h(p).
1
Let q(s) = -11*s + 33. Suppose 0 = -12*y + 43826 - 43802. What is q(y)?
11
Let w = -2233 - -2229. Let k(p) = p**3 - 7*p - 3. Give k(w).
-39
Let i(t) be the third derivative of -19 + 0*t + 7/2*t**3 + t**2 + 1/24*t**4. Give i(-10).
11
Let s(k) = k**3 - 5*k**2 + 5*k + 2. Suppose -u - 3*o = -16, 4*u - 2*o - 1 = -7. Let y(l) = 0 - 3 - 4*l - u. Let t be y(-2). Give s(t).
6
Let t(h) = -h**2 + 7 + 2*h + 16 - 15 + 6. Let f be t(4). Let j(p) = p + 6. Calculate j(f).
12
Let w(y) = -3*y**2 + 30*y + 8. Let a = 9 + -17. Let m(n) = 2*n**2 - 20*n - 5. Let x(u) = a*m(u) - 5*w(u). Determine x(7).
21
Let d be (65/(-13))/((-90)/36). Let f(y) be the second derivative of 0 + 3/2*y**d + 18*y + 1/2*y**3. Determine f(-2).
-3
Let p = -6239 + 37441/6. Let w(r) be the second derivative of 0 - 1/2*r**2 + p*r**3 - 28*r. Give w(2).
13
Suppose -l = y - 8, 113*y - 11 = -l + 111*y. Let q(h) be the third derivative of 0*h + 0*h**3 + 0 + 1/30*h**l + 12*h**2 + 1/8*h**4. Determine q(-4).
20
Suppose 0 = -x + 4*a - 3*a, 8 = 4*a. Suppose x*m - 27 = -3. Let h(b) = 9*b + 3 + 0 + 9*b**2 - 4*b**2 - m*b. Calculate h(2).
17
Let h(p) be the second derivative of 0 + 1/6*p**3 - 4*p + p**2. Let r = -40 - -34. Determine h(r).
-4
Suppose 5*y + x = 3*x - 3, 3*x = 12. Let g(v) be the second derivative of -5/12*v**4 + 0*v**2 - 3 - 2*v + 1/6*v**3. Determine g(y).
-4
Let l(j) = -j**2 + 7*j - 9. Let h(k) = -k**2 + 7*k - 8. Let c(s) = 4*h(s) - 5*l(s). Let u be c(5). Let r(g) = 3*g + 2 + 19*g**2 - u - 24*g**2 - 1. Give r(2).
-16
Let h(m) = -10*m - 206. Let w be h(-21). Let y(a) = -7*a + 5. Let q(c) = 15*c - 11. Let d(r) = -6*q(r) - 13*y(r). Give d(w).
5
Let u be 8/(-2) + 2 - (-20)/5. Let t(q) = 1046*q**u + 1040*q**2 - 5 + 9*q - 2087*q**2. Give t(8).
3
Let g(i) = i**2 - 16*i - 17. Let j(c) = 11*c**2 + 10*c - 4. Let a be j(1). What is g(a)?
0
Let w(p) = 343*p + 5825. Let n be w(-17). Let t(k) = -22*k - 29. Give t(n).
103
Let p(t) = -t**2 + 6*t + 3. Suppose 0*k - 18 = -k. Let z be 120/132*(-2 + 90/12). Suppose -z*x - k = -48. Determine p(x).
3
Let r(z) = 4*z - 2. Let x(b) be the first derivative of -b**2/2 - 23*b - 34. Let q be x(-25). Suppose 5*l - q*l = 3*p + 36, 0 = 2*p + 5*l - 11. What is r(p)?
-30
Suppose -15*j - 473 = -458. Let i(m) = -77*m**3 - 2*m - 3. Give i(j).
76
Let s(c) = 3*c - 4. Let l(y) = 2*y - 3. Let o(f) = 6*l(f) - 5*s(f). Let d(t) = -t**3 + 3*t**2 + 4*t - 9. Let k = 21 + -18. Let m be d(k). What is o(m)?
-7
Let j(x) = -158 - 28*x - 47*x - 7 + 103*x - 49*x. Calculate j(-8).
3
Let l(b) = 16*b - 2. Let m be l(-5). Let s be (83 - 77)/(2/(-26)). Let x = m - s. Let p(g) = -g**3 - 3*g**2 + 4*g - 2. What is p(x)?
-2
Let y(q) = -q**3 + 13*q**2 - 4*q - 256. Let p be y(10). Let a(g) = -2*g**2 + 1 + 5*g - 7 - 3*g. Calculate a(p).
-30
Let w(q) = 271 - q - 613 + 344. Let b(a) = a**3 + a**2 + a + 4. Let s be b(0). Suppose -s*y - y = -5. What is w(y)?
1
Let i(x) = -x**2 + 2*x + 4. Suppose 0*u + 5*u = 55. Let q(o) = -6*o**2 + 11*o + 21. Let m(w) = u*i(w) - 2*q(w). Suppose -57 = -32*j - 120 - 65. Determine m(j).
18
Suppose -2*o - 3*p - 78 = -15, -3*o - 5*p = 94. Let j be (2 + -3)/(o + 34). Let b(m) = 2*m**2 + 3*m + 2. Determine b(j).
1
Let j(p) = -3*p**2 - 40*p + 21. Let x = 10689 - 10703. Give j(x).
-7
Let h(w) be the third derivative of -w**4/24 + 7*w**3/3 + 24*w**2. Suppose 9*g - 58 = 11*g. Let c = g + 37. Give h(c).
6
Let b(q) be the first derivative of -q**4/4 - 8*q**3 + 26*q**2 - 15*q - 9872. Give b(-26).
-15
Let r(p) = -1607*p - 1614*p - 20 - 1599*p + 4822*p. Suppose 32 = 4*j + 4*x, 4*j + 0*x = 2*x + 32. Determine r(j).
-4
Let g(z) = -z**3 + 3*z**2 - 3*z. Let o be 8/(-4) + (5 - 0) + -3. Let s be 5 + 0/((-3)/1). Suppose 2 = -s*u - 4*w + 4, o = -5*u + 3*w + 16. Give g(u).
-2
Let k(j) = -16*j - 73. Let z be k(-14). Let d(i) = -i**3 + 3*i - 76 - 8*i**2 + z - 70 + 6*i. Give d(-9).
5
Let t = -5512 + 5507. Let b(v) = -2*v**3 - 11*v**2 - 5*v - 1. Calculate b(t).
-1
Let a be (-1)/5 - (-63)/15. Let x be 30/a - (-2)/(-4). Suppose -x*w - 54 = 2*w. Let j(o) = -o**3 - 5*o**2 + 8*o. Give j(w).
-12
Suppose -2*v = -5*n + 319, 8*v - 5*v = n - 56. Suppose -11*p - n - 23 = 0. Let o(r) = -r**3 - 8*r**2 + 2*r + 14. Calculate o(p).
-2
Suppose -3*h - 9 = -4*w + 23, -3*w = -2*h - 23. Let f(r) be the first derivative of -1 - 1/2*r**2 + 5*r. Determine f(w).
0
Let b(z) = -25 - 13*z**3 - 12*z*